{"id":3044,"date":"2026-01-22T16:26:23","date_gmt":"2026-01-22T16:26:23","guid":{"rendered":"https:\/\/santairenewines.com\/?page_id=3044"},"modified":"2026-01-23T22:56:54","modified_gmt":"2026-01-23T22:56:54","slug":"simis","status":"publish","type":"page","link":"https:\/\/santairenewines.com\/index.php\/simis\/","title":{"rendered":"SIMIS"},"content":{"rendered":"<div  class=\"tatsu-i9k4hsns205duy54 tatsu-section  tatsu-bg-overlay   tatsu-clearfix\" data-title=\"\"  data-headerscheme=\"background--dark\"><div class='tatsu-section-pad clearfix' data-padding='{\"d\":\"90px 0px 90px 0px\"}' data-padding-top='90px'><div class=\"tatsu-row-wrap  tatsu-wrap tatsu-row-has-two-cols tatsu-medium-gutter tatsu-reg-cols  tatsu-clearfix tatsu-i9k4hsns4r1y7qtu\" ><div  class=\"tatsu-row \" ><div  class=\"tatsu-column  tatsu-bg-overlay tatsu-one-third tatsu-column-image-none tatsu-column-effect-none  tatsu-i9k4hsns8dg7yszx\"  data-parallax-speed=\"0\" style=\"\"><div class=\"tatsu-column-inner \" ><div class=\"tatsu-column-pad-wrap\"><div class=\"tatsu-column-pad\" ><div  class=\"tatsu-module tatsu-inline-text clearfix tatsu-i9k4hsns9y2xtgsy   \" ><style>.tatsu-i9k4hsns9y2xtgsy .tatsu-inline-text-inner{width: 100%;text-align: left;}@media only screen and (max-width: 767px) {.tatsu-i9k4hsns9y2xtgsy .tatsu-inline-text-inner{width: 100%;}}<\/style><div class=\"tatsu-inline-text-inner tatsu-align-center\">\n<h1>SIMIS<\/h1>\n<\/div><\/div><div  class=\"tatsu-module tatsu-text-block-wrap tatsu-i9k4hsnses9xccpi  \"><div class=\"tatsu-text-inner tatsu-align-center  clearfix\" ><style>.tatsu-i9k4hsnses9xccpi.tatsu-text-block-wrap .tatsu-text-inner{width: 100%;text-align: left;}<\/style>\n<p>Con la <strong>familia Go\u00e9s de Brasil<\/strong> descubrimos que ten\u00edamos m\u00e1s cosas en com\u00fan que s\u00f3lo estar dedicados a producir vinos.<\/p>\n<p><strong>Cuatro generaciones,<\/strong> el amor por el vino y m\u00e1s de 90 a\u00f1os de historia cultivando uvas es lo que nos une desde entonces para crear SIMIS.<\/p>\n<\/div><\/div><\/div><\/div><div class = \"tatsu-column-bg-image-wrap\"><div class = \"tatsu-column-bg-image\" ><\/div><\/div><div class=\"tatsu-overlay tatsu-column-overlay tatsu-animate-none\" ><\/div><\/div><style>.tatsu-row > .tatsu-i9k4hsns8dg7yszx.tatsu-column{width: 33.33%;}.tatsu-i9k4hsns8dg7yszx.tatsu-column > .tatsu-column-inner > .tatsu-column-overlay{mix-blend-mode: normal;}.tatsu-i9k4hsns8dg7yszx > .tatsu-column-inner > .tatsu-top-divider{z-index: 9999;}.tatsu-i9k4hsns8dg7yszx > .tatsu-column-inner > .tatsu-bottom-divider{z-index: 9999;}.tatsu-i9k4hsns8dg7yszx > .tatsu-column-inner > .tatsu-left-divider{z-index: 9999;}.tatsu-i9k4hsns8dg7yszx > .tatsu-column-inner > .tatsu-right-divider{z-index: 9999;}@media only screen and (max-width:1377px) {.tatsu-row > .tatsu-i9k4hsns8dg7yszx.tatsu-column{width: 33.33%;}}@media only screen and (min-width:768px) and (max-width: 1024px) {.tatsu-row > .tatsu-i9k4hsns8dg7yszx.tatsu-column{width: 33.33%;}}@media only screen and (max-width: 767px) {.tatsu-row > .tatsu-i9k4hsns8dg7yszx.tatsu-column{width: 100%;}}<\/style><\/div><div  class=\"tatsu-column  tatsu-bg-overlay tatsu-two-third tatsu-column-image-none tatsu-column-effect-none  tatsu-i9k4hsnsi4emiuk8\"  data-parallax-speed=\"0\" style=\"\"><div class=\"tatsu-column-inner \" ><div class=\"tatsu-column-pad-wrap\"><div class=\"tatsu-column-pad\" ><div  class=\"tatsu-single-image tatsu-module tatsu-image-lazyload tatsu-i9k4hsnt1x71yova  \" ><div class=\"tatsu-single-image-inner \" style=\"width : 2560px;\" ><div class = \"tatsu-single-image-padding-wrap\" style = \"padding-bottom : 66.6796875%;\" ><\/div><img class = \"tatsu-gradient-border\" alt = \"\" title = \"SIMIS WEB 01\" data-src = \"https:\/\/santairenewines.com\/wp-content\/uploads\/2026\/01\/SIMIS-WEB-01-scaled.png\" src =\"data:image\/png;base64,iVBORw0KGgoAAAANSUhEUgAAAAEAAAABCAQAAAC1HAwCAAAAC0lEQVR42mNkYAAAAAYAAjCB0C8AAAAASUVORK5CYII=\"  \/><\/div><style>.tatsu-i9k4hsnt1x71yova .tatsu-single-image-inner{border-style: solid;max-width: 100%;}.tatsu-i9k4hsnt1x71yova.tatsu-single-image{transform: translate3d(0px,0px, 0);}<\/style><\/div><\/div><\/div><div class = \"tatsu-column-bg-image-wrap\"><div class = \"tatsu-column-bg-image\" ><\/div><\/div><div class=\"tatsu-overlay tatsu-column-overlay tatsu-animate-none\" ><\/div><\/div><style>.tatsu-row > .tatsu-i9k4hsnsi4emiuk8.tatsu-column{width: 66.67%;}.tatsu-i9k4hsnsi4emiuk8.tatsu-column > .tatsu-column-inner > .tatsu-column-overlay{mix-blend-mode: normal;}.tatsu-i9k4hsnsi4emiuk8 > .tatsu-column-inner > .tatsu-top-divider{z-index: 9999;}.tatsu-i9k4hsnsi4emiuk8 > .tatsu-column-inner > .tatsu-bottom-divider{z-index: 9999;}.tatsu-i9k4hsnsi4emiuk8 > .tatsu-column-inner > .tatsu-left-divider{z-index: 9999;}.tatsu-i9k4hsnsi4emiuk8 > .tatsu-column-inner > .tatsu-right-divider{z-index: 9999;}@media only screen and (max-width:1377px) {.tatsu-row > .tatsu-i9k4hsnsi4emiuk8.tatsu-column{width: 66.67%;}}@media only screen and (min-width:768px) and (max-width: 1024px) {.tatsu-row > .tatsu-i9k4hsnsi4emiuk8.tatsu-column{width: 66.67%;}}@media only screen and (max-width: 767px) {.tatsu-row > .tatsu-i9k4hsnsi4emiuk8.tatsu-column{width: 100%;}}<\/style><\/div><\/div><\/div><\/div><div class=\"tatsu-section-background-wrap\"><div class = \"tatsu-section-background\" ><\/div><\/div><div class=\"tatsu-overlay tatsu-section-overlay\"><\/div><style>.tatsu-i9k4hsns205duy54 .tatsu-section-pad{padding: 90px 0px 90px 0px;}.tatsu-i9k4hsns205duy54 .tatsu-section-offset-wrap{transform: translateY(-0px);}.tatsu-i9k4hsns205duy54 > .tatsu-bottom-divider{z-index: 9999;}.tatsu-i9k4hsns205duy54 > .tatsu-top-divider{z-index: 9999;}.tatsu-i9k4hsns205duy54 .tatsu-section-overlay{mix-blend-mode: normal;}<\/style><\/div><div  class=\"tatsu-i9k4hz5e2wsm0ij tatsu-section  tatsu-bg-overlay   tatsu-clearfix\" data-title=\"\"  data-headerscheme=\"background--dark\"><div class='tatsu-section-pad clearfix' data-padding='{\"d\":\"90px 0px 90px 0px\"}' data-padding-top='90px'><div class=\"tatsu-row-wrap  tatsu-wrap tatsu-row-has-two-cols tatsu-medium-gutter tatsu-reg-cols  tatsu-clearfix tatsu-i9k4hz5e577581z1\" ><div  class=\"tatsu-row \" ><div  class=\"tatsu-column  tatsu-bg-overlay tatsu-two-third tatsu-column-image-none tatsu-column-effect-none  tatsu-i9k4hz5e929gb6e7\"  data-parallax-speed=\"0\" style=\"\"><div class=\"tatsu-column-inner \" ><div class=\"tatsu-column-pad-wrap\"><div class=\"tatsu-column-pad\" ><div  class=\"tatsu-single-image tatsu-module tatsu-image-lazyload tatsu-i9k4hz5exd6p8dkr  \" ><div class=\"tatsu-single-image-inner \" style=\"width : 2560px;\" ><div class = \"tatsu-single-image-padding-wrap\" style = \"padding-bottom : 66.6796875%;\" ><\/div><img class = \"tatsu-gradient-border\" alt = \"\" title = \"SIMIS WEB 02\" data-src = \"https:\/\/santairenewines.com\/wp-content\/uploads\/2026\/01\/SIMIS-WEB-02-scaled.png\" src =\"data:image\/png;base64,iVBORw0KGgoAAAANSUhEUgAAAAEAAAABCAQAAAC1HAwCAAAAC0lEQVR42mNkYAAAAAYAAjCB0C8AAAAASUVORK5CYII=\"  \/><\/div><style>.tatsu-i9k4hz5exd6p8dkr .tatsu-single-image-inner{border-style: solid;max-width: 100%;}.tatsu-i9k4hz5exd6p8dkr.tatsu-single-image{transform: translate3d(0px,0px, 0);}<\/style><\/div><\/div><\/div><div class = \"tatsu-column-bg-image-wrap\"><div class = \"tatsu-column-bg-image\" ><\/div><\/div><div class=\"tatsu-overlay tatsu-column-overlay tatsu-animate-none\" ><\/div><\/div><style>.tatsu-row > .tatsu-i9k4hz5e929gb6e7.tatsu-column{width: 66.67%;}.tatsu-i9k4hz5e929gb6e7.tatsu-column > .tatsu-column-inner > .tatsu-column-overlay{mix-blend-mode: normal;}.tatsu-i9k4hz5e929gb6e7 > .tatsu-column-inner > .tatsu-top-divider{z-index: 9999;}.tatsu-i9k4hz5e929gb6e7 > .tatsu-column-inner > .tatsu-bottom-divider{z-index: 9999;}.tatsu-i9k4hz5e929gb6e7 > .tatsu-column-inner > .tatsu-left-divider{z-index: 9999;}.tatsu-i9k4hz5e929gb6e7 > .tatsu-column-inner > .tatsu-right-divider{z-index: 9999;}@media only screen and (max-width:1377px) {.tatsu-row > .tatsu-i9k4hz5e929gb6e7.tatsu-column{width: 66.67%;}}@media only screen and (min-width:768px) and (max-width: 1024px) {.tatsu-row > .tatsu-i9k4hz5e929gb6e7.tatsu-column{width: 66.67%;}}@media only screen and (max-width: 767px) {.tatsu-row > .tatsu-i9k4hz5e929gb6e7.tatsu-column{width: 100%;}}<\/style><\/div><div  class=\"tatsu-column  tatsu-bg-overlay tatsu-one-third tatsu-column-image-none tatsu-column-effect-none  tatsu-i9k4hz5ezk91vmg\"  data-parallax-speed=\"0\" style=\"\"><div class=\"tatsu-column-inner \" ><div class=\"tatsu-column-pad-wrap\"><div class=\"tatsu-column-pad\" ><div  class=\"tatsu-module tatsu-text-block-wrap tatsu-i9k4hz5f1b64yylh  \"><div class=\"tatsu-text-inner tatsu-align-center  clearfix\" ><style>.tatsu-i9k4hz5f1b64yylh.tatsu-text-block-wrap .tatsu-text-inner{width: 100%;text-align: left;}<\/style>\n<p data-start=\"146\" data-end=\"313\"><strong data-start=\"146\" data-end=\"206\">SIMIS nace donde los rituales se transforman en memoria.<\/strong><br data-start=\"206\" data-end=\"209\" \/>En ese instante suspendido en el tiempo, cuando el vino toca la copa y el mundo parece guardar silencio.<\/p>\n<\/div><\/div><\/div><\/div><div class = \"tatsu-column-bg-image-wrap\"><div class = \"tatsu-column-bg-image\" ><\/div><\/div><div class=\"tatsu-overlay tatsu-column-overlay tatsu-animate-none\" ><\/div><\/div><style>.tatsu-row > .tatsu-i9k4hz5ezk91vmg.tatsu-column{width: 33.33%;}.tatsu-i9k4hz5ezk91vmg.tatsu-column > .tatsu-column-inner > .tatsu-column-overlay{mix-blend-mode: normal;}.tatsu-i9k4hz5ezk91vmg > .tatsu-column-inner > .tatsu-top-divider{z-index: 9999;}.tatsu-i9k4hz5ezk91vmg > .tatsu-column-inner > .tatsu-bottom-divider{z-index: 9999;}.tatsu-i9k4hz5ezk91vmg > .tatsu-column-inner > .tatsu-left-divider{z-index: 9999;}.tatsu-i9k4hz5ezk91vmg > .tatsu-column-inner > .tatsu-right-divider{z-index: 9999;}@media only screen and (max-width:1377px) {.tatsu-row > .tatsu-i9k4hz5ezk91vmg.tatsu-column{width: 33.33%;}}@media only screen and (min-width:768px) and (max-width: 1024px) {.tatsu-row > .tatsu-i9k4hz5ezk91vmg.tatsu-column{width: 33.33%;}}@media only screen and (max-width: 767px) {.tatsu-row > .tatsu-i9k4hz5ezk91vmg.tatsu-column{width: 100%;}}<\/style><\/div><\/div><\/div><\/div><div class=\"tatsu-section-background-wrap\"><div class = \"tatsu-section-background\" ><\/div><\/div><div class=\"tatsu-overlay tatsu-section-overlay\"><\/div><style>.tatsu-i9k4hz5e2wsm0ij .tatsu-section-pad{padding: 90px 0px 90px 0px;}.tatsu-i9k4hz5e2wsm0ij .tatsu-section-offset-wrap{transform: translateY(-0px);}.tatsu-i9k4hz5e2wsm0ij > .tatsu-bottom-divider{z-index: 9999;}.tatsu-i9k4hz5e2wsm0ij > .tatsu-top-divider{z-index: 9999;}.tatsu-i9k4hz5e2wsm0ij .tatsu-section-overlay{mix-blend-mode: normal;}<\/style><\/div><div  class=\"tatsu-i9k4i64xx44d87ur tatsu-section  tatsu-bg-overlay   tatsu-clearfix\" data-title=\"\"  data-headerscheme=\"background--dark\"><div class='tatsu-section-pad clearfix' data-padding='{\"d\":\"90px 0px 90px 0px\"}' data-padding-top='90px'><div class=\"tatsu-row-wrap  tatsu-wrap tatsu-row-has-two-cols tatsu-medium-gutter tatsu-reg-cols  tatsu-clearfix tatsu-i9k4i64xzb4r0cvm\" ><div  class=\"tatsu-row \" ><div  class=\"tatsu-column  tatsu-bg-overlay tatsu-one-third tatsu-column-image-none tatsu-column-effect-none  tatsu-i9k4i64y1z7oi2ss\"  data-parallax-speed=\"0\" style=\"\"><div class=\"tatsu-column-inner \" ><div class=\"tatsu-column-pad-wrap\"><div class=\"tatsu-column-pad\" ><div  class=\"tatsu-module tatsu-text-block-wrap tatsu-i9k4i64y3k6i3idd  \"><div class=\"tatsu-text-inner tatsu-align-center  clearfix\" ><style>.tatsu-i9k4i64y3k6i3idd.tatsu-text-block-wrap .tatsu-text-inner{width: 100%;text-align: left;}<\/style>\n<p>Somos la expresi\u00f3n de una conexi\u00f3n profunda entre dos historias que se reconocieron en el gesto, en la pasi\u00f3n y en el respeto por la tierra.<\/p>\n<p>Porque no hacemos vino solo para beberlo.<br data-start=\"838\" data-end=\"841\" \/><strong>Lo creamos para sentirlo, compartirlo y recordarlo.<\/strong><\/p>\n<\/div><\/div><\/div><\/div><div class = \"tatsu-column-bg-image-wrap\"><div class = \"tatsu-column-bg-image\" ><\/div><\/div><div class=\"tatsu-overlay tatsu-column-overlay tatsu-animate-none\" ><\/div><\/div><style>.tatsu-row > .tatsu-i9k4i64y1z7oi2ss.tatsu-column{width: 33.33%;}.tatsu-i9k4i64y1z7oi2ss.tatsu-column > .tatsu-column-inner > .tatsu-column-overlay{mix-blend-mode: normal;}.tatsu-i9k4i64y1z7oi2ss > .tatsu-column-inner > .tatsu-top-divider{z-index: 9999;}.tatsu-i9k4i64y1z7oi2ss > .tatsu-column-inner > .tatsu-bottom-divider{z-index: 9999;}.tatsu-i9k4i64y1z7oi2ss > .tatsu-column-inner > .tatsu-left-divider{z-index: 9999;}.tatsu-i9k4i64y1z7oi2ss > .tatsu-column-inner > .tatsu-right-divider{z-index: 9999;}@media only screen and (max-width:1377px) {.tatsu-row > .tatsu-i9k4i64y1z7oi2ss.tatsu-column{width: 33.33%;}}@media only screen and (min-width:768px) and (max-width: 1024px) {.tatsu-row > .tatsu-i9k4i64y1z7oi2ss.tatsu-column{width: 33.33%;}}@media only screen and (max-width: 767px) {.tatsu-row > .tatsu-i9k4i64y1z7oi2ss.tatsu-column{width: 100%;}}<\/style><\/div><div  class=\"tatsu-column  tatsu-bg-overlay tatsu-two-third tatsu-column-image-none tatsu-column-effect-none  tatsu-i9k4i64y8sg1yrt3\"  data-parallax-speed=\"0\" style=\"\"><div class=\"tatsu-column-inner \" ><div class=\"tatsu-column-pad-wrap\"><div class=\"tatsu-column-pad\" ><div  class=\"tatsu-single-image tatsu-module tatsu-image-lazyload tatsu-i9k4i64yp79sew2u  \" ><div class=\"tatsu-single-image-inner \" style=\"width : 1774px;\" ><div class = \"tatsu-single-image-padding-wrap\" style = \"padding-bottom : 66.62908680947%;\" ><\/div><img class = \"tatsu-gradient-border\" alt = \"\" title = \"L=M 03\" data-src = \"https:\/\/santairenewines.com\/wp-content\/uploads\/2026\/01\/LM-03.jpg\" src =\"data:image\/png;base64,iVBORw0KGgoAAAANSUhEUgAAAAEAAAABCAQAAAC1HAwCAAAAC0lEQVR42mNkYAAAAAYAAjCB0C8AAAAASUVORK5CYII=\"  \/><\/div><style>.tatsu-i9k4i64yp79sew2u .tatsu-single-image-inner{border-style: solid;max-width: 100%;}.tatsu-i9k4i64yp79sew2u.tatsu-single-image{transform: translate3d(0px,0px, 0);}<\/style><\/div><\/div><\/div><div class = \"tatsu-column-bg-image-wrap\"><div class = \"tatsu-column-bg-image\" ><\/div><\/div><div class=\"tatsu-overlay tatsu-column-overlay tatsu-animate-none\" ><\/div><\/div><style>.tatsu-row > .tatsu-i9k4i64y8sg1yrt3.tatsu-column{width: 66.67%;}.tatsu-i9k4i64y8sg1yrt3.tatsu-column > .tatsu-column-inner > .tatsu-column-overlay{mix-blend-mode: normal;}.tatsu-i9k4i64y8sg1yrt3 > .tatsu-column-inner > .tatsu-top-divider{z-index: 9999;}.tatsu-i9k4i64y8sg1yrt3 > .tatsu-column-inner > .tatsu-bottom-divider{z-index: 9999;}.tatsu-i9k4i64y8sg1yrt3 > .tatsu-column-inner > .tatsu-left-divider{z-index: 9999;}.tatsu-i9k4i64y8sg1yrt3 > .tatsu-column-inner > .tatsu-right-divider{z-index: 9999;}@media only screen and (max-width:1377px) {.tatsu-row > .tatsu-i9k4i64y8sg1yrt3.tatsu-column{width: 66.67%;}}@media only screen and (min-width:768px) and (max-width: 1024px) {.tatsu-row > .tatsu-i9k4i64y8sg1yrt3.tatsu-column{width: 66.67%;}}@media only screen and (max-width: 767px) {.tatsu-row > .tatsu-i9k4i64y8sg1yrt3.tatsu-column{width: 100%;}}<\/style><\/div><\/div><\/div><\/div><div class=\"tatsu-section-background-wrap\"><div class = \"tatsu-section-background\" ><\/div><\/div><div class=\"tatsu-overlay tatsu-section-overlay\"><\/div><style>.tatsu-i9k4i64xx44d87ur .tatsu-section-pad{padding: 90px 0px 90px 0px;}.tatsu-i9k4i64xx44d87ur .tatsu-section-offset-wrap{transform: translateY(-0px);}.tatsu-i9k4i64xx44d87ur > .tatsu-bottom-divider{z-index: 9999;}.tatsu-i9k4i64xx44d87ur > .tatsu-top-divider{z-index: 9999;}.tatsu-i9k4i64xx44d87ur .tatsu-section-overlay{mix-blend-mode: normal;}<\/style><\/div><div  class=\"tatsu-i9k4inpeppagzlph tatsu-section    tatsu-clearfix\" data-title=\"\"  data-headerscheme=\"background--dark\"><div class='tatsu-section-pad clearfix' data-padding='{\"d\":\"90px 0px 89px 0px\"}' data-padding-top='90px'><div class=\"tatsu-row-wrap  tatsu-wrap tatsu-row-one-col tatsu-row-has-one-cols tatsu-medium-gutter tatsu-reg-cols  tatsu-clearfix tatsu-i9k4inperw2b6tse\" ><div  class=\"tatsu-row \" ><div  class=\"tatsu-column  tatsu-column-no-bg tatsu-one-col tatsu-column-image-none tatsu-column-effect-none  tatsu-i9k4inpeuz51cc4t\"  data-parallax-speed=\"0\" style=\"\"><div class=\"tatsu-column-inner \" ><div class=\"tatsu-column-pad-wrap\"><div class=\"tatsu-column-pad\" ><div  class=\"tatsu-module tatsu-inline-text clearfix tatsu-i9k4inpewr6zd00x   \" ><style>.tatsu-i9k4inpewr6zd00x .tatsu-inline-text-inner{width: 100%;text-align: left;}@media only screen and (max-width: 767px) {.tatsu-i9k4inpewr6zd00x .tatsu-inline-text-inner{width: 100%;}}<\/style><div class=\"tatsu-inline-text-inner tatsu-align-center\">\n<h3 style=\"text-align: center;\"><span class=\"h4 \" style=\"color: #ffffff;\">Siempre hacemos m\u00e1s para usar menos.<\/span><\/h3>\n<\/div><\/div><div  class=\"tatsu-module tatsu-inline-text clearfix tatsu-i9k4inpf2e1m8m6x   \" ><style>.tatsu-i9k4inpf2e1m8m6x .tatsu-inline-text-inner{width: 70%;text-align: left;}<\/style><div class=\"tatsu-inline-text-inner tatsu-align-center\">\n<h5 style=\"text-align: center;\"><span style=\"color: #ffffff;\">Y, por supuesto, nuestro packaging tambi\u00e9n est\u00e1 dise\u00f1ado para reducir residuos: usamos menos vidrio en nuestras botellas, selladas con corcho natural, y ponemos mayor foco en los vinos excepcionales y sustentables que contienen.<\/span><\/h5>\n<\/div><\/div><\/div><\/div><div class = \"tatsu-column-bg-image-wrap\"><div class = \"tatsu-column-bg-image\" ><\/div><\/div><\/div><style>.tatsu-row > .tatsu-i9k4inpeuz51cc4t.tatsu-column{width: 100%;}.tatsu-i9k4inpeuz51cc4t.tatsu-column > .tatsu-column-inner > .tatsu-column-overlay{mix-blend-mode: none;}.tatsu-i9k4inpeuz51cc4t > .tatsu-column-inner > .tatsu-top-divider{z-index: 9999;}.tatsu-i9k4inpeuz51cc4t > .tatsu-column-inner > .tatsu-bottom-divider{z-index: 9999;}.tatsu-i9k4inpeuz51cc4t > .tatsu-column-inner > .tatsu-left-divider{z-index: 9999;}.tatsu-i9k4inpeuz51cc4t > .tatsu-column-inner > .tatsu-right-divider{z-index: 9999;}<\/style><\/div><\/div><\/div><\/div><div class=\"tatsu-section-background-wrap\"><div class = \"tatsu-section-background\" ><\/div><\/div><style>.tatsu-i9k4inpeppagzlph.tatsu-section{background-color: rgba(49,49,49,1);}.tatsu-i9k4inpeppagzlph .tatsu-section-pad{padding: 90px 0px 89px 0px;}.tatsu-i9k4inpeppagzlph > .tatsu-bottom-divider{z-index: 9999;}.tatsu-i9k4inpeppagzlph > .tatsu-top-divider{z-index: 9999;}<\/style><\/div><div  class=\"tatsu-i9k4iypnan2yhz23 tatsu-section  tatsu-bg-overlay   tatsu-clearfix\" data-title=\"\"  data-headerscheme=\"background--dark\"><div class='tatsu-section-pad clearfix' data-padding='{\"d\":\"90px 0px 90px 0px\"}' data-padding-top='90px'><div class=\"tatsu-row-wrap  tatsu-wrap tatsu-row-one-col tatsu-row-has-one-cols tatsu-medium-gutter tatsu-reg-cols  tatsu-clearfix tatsu-i9k4iypndmch6ivm\" ><div  class=\"tatsu-row \" ><div  class=\"tatsu-column  tatsu-bg-overlay tatsu-one-col tatsu-column-image-none tatsu-column-effect-none  tatsu-i9k4iypng3enzixa\"  data-parallax-speed=\"0\" style=\"\"><div class=\"tatsu-column-inner \" ><div class=\"tatsu-column-pad-wrap\"><div class=\"tatsu-column-pad\" ><div  class=\"tatsu-single-image tatsu-module tatsu-image-lazyload tatsu-i9k4iypnyd57z5g1  \" ><div class=\"tatsu-single-image-inner \" style=\"width : 2560px;\" ><div class = \"tatsu-single-image-padding-wrap\" style = \"padding-bottom : 66.6796875%;\" ><\/div><img class = \"tatsu-gradient-border\" alt = \"\" title = \"SIMIS WEB 04\" data-src = \"https:\/\/santairenewines.com\/wp-content\/uploads\/2026\/01\/SIMIS-WEB-04-scaled.png\" src =\"data:image\/png;base64,iVBORw0KGgoAAAANSUhEUgAAAAEAAAABCAQAAAC1HAwCAAAAC0lEQVR42mNkYAAAAAYAAjCB0C8AAAAASUVORK5CYII=\"  \/><\/div><style>.tatsu-i9k4iypnyd57z5g1 .tatsu-single-image-inner{border-style: solid;max-width: 100%;}.tatsu-i9k4iypnyd57z5g1.tatsu-single-image{transform: translate3d(0px,0px, 0);}<\/style><\/div><\/div><\/div><div class = \"tatsu-column-bg-image-wrap\"><div class = \"tatsu-column-bg-image\" ><\/div><\/div><div class=\"tatsu-overlay tatsu-column-overlay tatsu-animate-none\" ><\/div><\/div><style>.tatsu-row > .tatsu-i9k4iypng3enzixa.tatsu-column{width: 100%;}.tatsu-i9k4iypng3enzixa.tatsu-column > .tatsu-column-inner > .tatsu-column-overlay{mix-blend-mode: normal;}.tatsu-i9k4iypng3enzixa > .tatsu-column-inner > .tatsu-top-divider{z-index: 9999;}.tatsu-i9k4iypng3enzixa > .tatsu-column-inner > .tatsu-bottom-divider{z-index: 9999;}.tatsu-i9k4iypng3enzixa > .tatsu-column-inner > .tatsu-left-divider{z-index: 9999;}.tatsu-i9k4iypng3enzixa > .tatsu-column-inner > .tatsu-right-divider{z-index: 9999;}@media only screen and (max-width:1377px) {.tatsu-row > .tatsu-i9k4iypng3enzixa.tatsu-column{width: 100%;}}@media only screen and (min-width:768px) and (max-width: 1024px) {.tatsu-row > .tatsu-i9k4iypng3enzixa.tatsu-column{width: 100%;}}@media only screen and (max-width: 767px) {.tatsu-row > .tatsu-i9k4iypng3enzixa.tatsu-column{width: 100%;}}<\/style><\/div><\/div><\/div><\/div><div class=\"tatsu-section-background-wrap\"><div class = \"tatsu-section-background\" ><\/div><\/div><div class=\"tatsu-overlay tatsu-section-overlay\"><\/div><style>.tatsu-i9k4iypnan2yhz23 .tatsu-section-pad{padding: 90px 0px 90px 0px;}.tatsu-i9k4iypnan2yhz23 .tatsu-section-offset-wrap{transform: translateY(-0px);}.tatsu-i9k4iypnan2yhz23 > .tatsu-bottom-divider{z-index: 9999;}.tatsu-i9k4iypnan2yhz23 > .tatsu-top-divider{z-index: 9999;}.tatsu-i9k4iypnan2yhz23 .tatsu-section-overlay{mix-blend-mode: normal;}<\/style><\/div>\n","protected":false},"excerpt":{"rendered":"<p><a href=\"https:\/\/santairenewines.com\/index.php\/simis\/\" class=\"more-link style2-button\">Read More<\/a><\/p>","protected":false},"author":1,"featured_media":0,"parent":0,"menu_order":0,"comment_status":"closed","ping_status":"closed","template":"","meta":{"_acf_changed":false,"footnotes":""},"class_list":["post-3044","page","type-page","status-publish","hentry"],"acf":[],"_links":{"self":[{"href":"https:\/\/santairenewines.com\/index.php\/wp-json\/wp\/v2\/pages\/3044","targetHints":{"allow":["GET"]}}],"collection":[{"href":"https:\/\/santairenewines.com\/index.php\/wp-json\/wp\/v2\/pages"}],"about":[{"href":"https:\/\/santairenewines.com\/index.php\/wp-json\/wp\/v2\/types\/page"}],"author":[{"embeddable":true,"href":"https:\/\/santairenewines.com\/index.php\/wp-json\/wp\/v2\/users\/1"}],"replies":[{"embeddable":true,"href":"https:\/\/santairenewines.com\/index.php\/wp-json\/wp\/v2\/comments?post=3044"}],"version-history":[{"count":5,"href":"https:\/\/santairenewines.com\/index.php\/wp-json\/wp\/v2\/pages\/3044\/revisions"}],"predecessor-version":[{"id":3162,"href":"https:\/\/santairenewines.com\/index.php\/wp-json\/wp\/v2\/pages\/3044\/revisions\/3162"}],"wp:attachment":[{"href":"https:\/\/santairenewines.com\/index.php\/wp-json\/wp\/v2\/media?parent=3044"}],"curies":[{"name":"wp","href":"https:\/\/api.w.org\/{rel}","templated":true}]}}